{"id":13,"date":"2022-03-20T10:17:36","date_gmt":"2022-03-20T10:17:36","guid":{"rendered":"https:\/\/ecurie-harmont.ch\/?page_id=13"},"modified":"2024-10-10T13:18:26","modified_gmt":"2024-10-10T13:18:26","slug":"accueil","status":"publish","type":"page","link":"https:\/\/ecurie-harmont.ch\/","title":{"rendered":"Accueil"},"content":{"rendered":"\r\n<p>Bienvenue sur le site de l&rsquo;\u00e9curie de l&rsquo;Harmont. Nous sommes tr\u00e8s fi\u00e8re de vous pr\u00e9senter les divers services et activit\u00e9s que nous proposons !<\/p>\r\n","protected":false},"excerpt":{"rendered":"<p>Bienvenue sur le site de l&rsquo;\u00e9curie de l&rsquo;Harmont. Nous sommes tr\u00e8s fi\u00e8re de vous pr\u00e9senter les divers services et activit\u00e9s que nous proposons !<\/p>\n","protected":false},"author":1,"featured_media":51,"parent":0,"menu_order":1,"comment_status":"closed","ping_status":"closed","template":"","meta":{"footnotes":""},"class_list":["post-13","page","type-page","status-publish","has-post-thumbnail","hentry"],"jetpack_sharing_enabled":true,"_links":{"self":[{"href":"https:\/\/ecurie-harmont.ch\/index.php\/wp-json\/wp\/v2\/pages\/13","targetHints":{"allow":["GET"]}}],"collection":[{"href":"https:\/\/ecurie-harmont.ch\/index.php\/wp-json\/wp\/v2\/pages"}],"about":[{"href":"https:\/\/ecurie-harmont.ch\/index.php\/wp-json\/wp\/v2\/types\/page"}],"author":[{"embeddable":true,"href":"https:\/\/ecurie-harmont.ch\/index.php\/wp-json\/wp\/v2\/users\/1"}],"replies":[{"embeddable":true,"href":"https:\/\/ecurie-harmont.ch\/index.php\/wp-json\/wp\/v2\/comments?post=13"}],"version-history":[{"count":1,"href":"https:\/\/ecurie-harmont.ch\/index.php\/wp-json\/wp\/v2\/pages\/13\/revisions"}],"predecessor-version":[{"id":60,"href":"https:\/\/ecurie-harmont.ch\/index.php\/wp-json\/wp\/v2\/pages\/13\/revisions\/60"}],"wp:featuredmedia":[{"embeddable":true,"href":"https:\/\/ecurie-harmont.ch\/index.php\/wp-json\/wp\/v2\/media\/51"}],"wp:attachment":[{"href":"https:\/\/ecurie-harmont.ch\/index.php\/wp-json\/wp\/v2\/media?parent=13"}],"curies":[{"name":"wp","href":"https:\/\/api.w.org\/{rel}","templated":true}]}}